7 divide 522806?
False
Is 48 a factor of 4505?
False
Is 902 a factor of 1114593?
False
Does 43 divide 727867?
False
Does 200 divide 2435800?
True
Does 7 divide 528816?
False
Is 175 a factor of 151200?
True
Is 450596 a multiple of 3?
False
Does 60 divide 3125?
False
Is 98 a factor of 189125?
False
Does 42 divide 572917?
False
Is 3831663 a multiple of 30?
False
Is 185 a factor of 22514?
False
Does 7 divide 191226?
True
Is 36 a factor of 184032?
True
Is 215 a factor of 484180?
True
Does 15 divide 10449279?
False
Is 4 a factor of 59884?
True
Is 17721 a multiple of 33?
True
Is 50 a factor of 1450?
True
Is 66 a factor of 3551810?
False
Does 17 divide 396854?
False
Does 79 divide 316790?
True
Does 4 divide 93684?
True
Is 18781 even?
False
Is 17756 a multiple of 3?
False
Does 172 divide 2152752?
True
Is 8812193 a multiple of 83?
True
Does 29 divide 13766184?
True
Does 29 divide 886559?
True
Is 14 a factor of 48674?
False
Is 372750 a multiple of 3?
True
Is 22 a factor of 2169?
False
Does 35 divide 4695904?
False
Does 232 divide 1809368?
True
Is 12 a factor of 259285?
False
Is 2825864 a multiple of 36?
False
Does 37 divide 188559?
False
Does 15 divide 1570980?
True
Does 401 divide 158395?
True
Is 15 a factor of 31292?
False
Is 179505 a multiple of 245?
False
Is 12 a factor of 819916?
False
Is 24 a factor of 36888?
True
Does 22 divide 384714?
True
Is 126617 even?
False
Does 6 divide 636208?
False
Does 3 divide 890?
False
Is 19 a factor of 14121?
False
Is 8 a factor of 4295784?
True
Does 1713 divide 8635177?
False
Is 425 a factor of 2855339?
False
Is 327432 a multiple of 314?
False
Is 4835650 a multiple of 439?
False
Does 38 divide 829255?
False
Is 114247 a multiple of 7?
True
Is 42028816 a multiple of 378?
False
Is 3518891 a multiple of 14?
False
Is 297 a factor of 375140?
False
Is 2 a factor of 42851?
False
Does 4 divide 32116?
True
Does 256 divide 44720?
False
Is 2924768 a multiple of 28?
True
Does 35 divide 78295?
True
Does 105 divide 29085?
True
Is 190569 a multiple of 139?
True
Is 14 a factor of 125348?
False
Is 218143 a multiple of 110?
False
Is 11 a factor of 4948241?
False
Is 48 a factor of 1142183?
False
Does 20 divide 283450?
False
Is 576932 a multiple of 16?
False
Does 42 divide 682117?
False
Does 58 divide 4886?
False
Is 2 a factor of 7683?
False
Is 3172862 a multiple of 11?
True
Does 57 divide 1153815?
False
Is 19 a factor of 307097?
True
Is 704036 a multiple of 4?
True
Is 11 a factor of 1038173?
False
Is 141478 a multiple of 2?
True
Is 381036 a multiple of 8?
False
Is 5 a factor of 128830?
True
Is 260 a factor of 1292329?
False
Does 143 divide 55198?
True
Is 54179 a multiple of 592?
False
Is 14 a factor of 168633?
False
Is 19 a factor of 1385771?
False
Is 222893 a multiple of 12?
False
Is 45 a factor of 612561?
False
Does 410 divide 4100820?
True
Is 738 a factor of 2164554?
True
Is 4796478 a multiple of 17?
False
Does 900 divide 920700?
True
Does 28 divide 3486700?
True
Does 273 divide 4328982?
False
Does 80 divide 1839440?
True
Is 56 a factor of 534089?
False
Is 945116 a multiple of 440?
False
Is 156912 a multiple of 271?
False
Is 43 a factor of 18059?
False
Does 104 divide 3970096?
True
Does 147 divide 224616?
True
Is 114 a factor of 9159786?
True
Is 5776 a multiple of 40?
False
Does 16 divide 280026?
False
Is 594286 a multiple of 14?
True
Is 4913629 a multiple of 200?
False
Is 16 a factor of 29105229?
False
Is 20 a factor of 5492980?
True
Is 34 a factor of 49876?
False
Is 885587 a multiple of 64?
False
Does 12 divide 597408?
True
Does 451 divide 1414953?
False
Does 421 divide 182293?
True
Does 191 divide 235076?
False
Is 27 a factor of 51213?
False
Is 91 a factor of 1867684?
True
Is 48695 a multiple of 15?
False
Does 161 divide 70357?
True
Is 322 a factor of 433067?
False
Is 1636180 a multiple of 406?
True
Is 31458 a multiple of 21?
True
Is 12 a factor of 768434?
False
Is 3313787 a multiple of 12?
False
Is 1869 a factor of 222411?
True
Does 203 divide 1177806?
True
Does 35 divide 2594076?
False
Does 1084 divide 2675312?
True
Is 5221944 a multiple of 20?
False
Does 5 divide 417330?
True
Is 10 a factor of 203440?
True
Does 144 divide 1521072?
True
Does 8 divide 2437145?
False
Does 21 divide 93253?
False
Is 155 a factor of 2564940?
True
Does 22 divide 431574?
True
Does 206 divide 1167196?
True
Does 112 divide 315504?
True
Does 4 divide 485322?
False
Is 112 a factor of 162905?
False
Is 549986 a multiple of 751?
False
Is 19181684 a multiple of 124?
True
Is 30993 a multiple of 32?
False
Is 1402 a factor of 8999438?
True
Is 3405948 a multiple of 42?
True
Is 321 a factor of 6489015?
True
Is 217 a factor of 19003015?
False
Is 118727 a multiple of 8?
False
Is 97 a factor of 176734?
True
Is 1724570 a multiple of 121?
False
Does 714 divide 72114?
True
Is 312 a factor of 69905?
False
Is 302175 a multiple of 16?
False
Is 18080 a multiple of 3?
False
Is 501 a factor of 1684362?
True
Does 14 divide 802396?
True
Does 42 divide 40329?
False
Does 697 divide 732918?
False
Is 160300 a multiple of 28?
True
Is 1175771 a multiple of 198?
False
Is 2007846 a multiple of 337?
True
Does 113 divide 1198704?
True
Is 135871 a multiple of 83?
True
Is 95 a factor of 216257?
False
Does 22 divide 1596058?
False
Is 57 a factor of 4430256?
False
Is 30368 a multiple of 3?
False
Is 7 a factor of 4736?
False
Is 41940 a multiple of 9?
True
Does 21 divide 130274?
False
Is 73 a factor of 685470?
True
Is 119528 a multiple of 223?
True
Is 70 a factor of 3279990?
True
Does 430 divide 8352046?
False
Does 79 divide 5231380?
True
Does 613 divide 628325?
True
Is 31 a factor of 27405886?
False
Is 27 a factor of 150120?
True
Is 475 a factor of 19162450?
True
Does 10 divide 406340?
True
Is 29784 a multiple of 102?
True
Is 59064 a multiple of 321?
True
Is 7247920 a multiple of 8?
True
Is 376287 a multiple of 22?
False
Is 15 a factor of 983678?
False
Is 217580 a multiple of 11?
True
Is 705806 a multiple of 266?
False
Is 22455384 a multiple of 584?
True
Does 35 divide 316274?
False
Is 8370 a multiple of 93?
True
Is 68810 a multiple of 70?
True
Is 16 a factor of 1716576?
True
Does 13 divide 16768869?
True
Is 95992 a multiple of 11?
False
Is 778 a factor of 6608332?
True
Is 1717283 a multiple of 482?
False
Is 2774569 a multiple of 889?
True
Is 421320 a multiple of 1028?
False
Does 60 divide 102301?
False
Is 114680 a multiple of 305?
True
Is 163040 a multiple of 16?
True
Is 14 a factor of 383628?
True
Is 12 a factor of 393248?
False
Does 14 divide 53578?
True
Does 565 divide 8567095?
True
Does 19 divide 174363?
True
Is 6 a factor of 119119?
False
Is 2751178 a multiple of 27?
False
Is 182404 a multiple of 31?
True
Is 13 a factor of 179067?
False
Is 15 a factor of 16020?
True
Is 9 a factor of 843622?
False
Does 14 divide 1251112?
False
Does 55 divide 110385?
True
Is 199 a factor of 7592833?
False
Does 142 divide 2499245?
False
Does 23 divide 21368?
False
Does 940 divide 19946263?
False
Is 22 a factor of 1188?
True
Is 4 a factor of 1173021?
False
Is 158157 a multiple of 38?
False
Does 54 divide 148392?
True
Does 50 divide 145300?
True
Is 968400 a multiple of 10?
True
Does 303 divide 260883?
True
Is 367648 a multiple of 32?
True
Is 13440 a multiple of 30?
True
Is 146822 a multiple of 12?
False
Is 150396 a multiple of 151?
True
Does 106 divide 20564?
True
Is 45 a factor of 530820?
True
Is 127 a factor of 2444540?
False
Is 66 a factor of 185724?
True
Is 989 a factor of 6773121?
False
Is 141525 a multiple of 45?
True
Is 447378 a multiple of 31?
False
Is 96 a factor of 5922778?
False
Is 69088 a multiple of 22?
False
Does 11 divide 281941?
True
Is 113 a factor of 650089?
True
Does 688 divide 2802756?
False
Does 1527 divide 16192308?
True
Is 59096 a multiple of 4?
True
Is 173855 a multiple of 311?
False
Is 25 a factor of 793850?
True
Does 5 divide 2124532?
False
Is 765750 a multiple of 13?
False
Is 180 a factor of 414498?
False
Does 480 divide 826080?
True
Is 1416655 a multiple of 13?
False
Is 339129 a multiple of 63?
True
Is 154693 a multiple of 287?
True
Is 191031 a multiple of 203?
False
Is 1231452 a multiple of 32?
False
Does 127 divide 2258760?
False
Does 4 divide 97499?
False
Is 16 a factor of 1342222?
False
Does 6 divide 272208?
True
Does 4 divide 6385120?
True
Is 527662 a multiple of 3?
False